2 is divided by (3 - 2)*s/(-7).
14
Let w(v) = -9*v - 3. Suppose o + 24*z - 28*z + 1510 = 0, 2*o + 2984 = -z. Let m = 1612 + o. What is the remainder when m is divided by w(-3)?
22
Let y(t) be the first derivative of 2*t**2 + 231*t + 109. Calculate the remainder when 224 is divided by y(-39).
74
Suppose 495 = 2*o - 5*g - 83, -5*o + 4*g + 1445 = 0. Let t = o - 99. Calculate the remainder when t is divided by 48.
46
Suppose 5*o = 9 + 11. Let q be (0 - (o - -1)) + 1. Let i(a) = -11*a - 22. Calculate the remainder when 77 is divided by i(q).
11
Suppose -97*j + 89*j = -24. Calculate the remainder when 264/12 + (0 - 0) is divided by j.
1
Let w be (1/(-2))/(1/(-8)). Let q = 25 + w. Suppose h + 19*d = 21*d + 4, -5 = h - 5*d. What is the remainder when q is divided by h?
9
Suppose 587*u - 592*u = 3*c - 1152, c + 5*u - 384 = 0. Calculate the remainder when 3851 is divided by c.
11
Suppose 17052 + 188 = 2*t + 8*t. Calculate the remainder when t is divided by 69.
68
Suppose -2*b = y + b - 20, -5*b + 72 = 3*y. Let u(f) = 4*f**2 - 2*f - 1. Calculate the remainder when y is divided by u(-1).
4
What is the remainder when (-12 + -3)*(-2 - (-668)/(-12) - -4) is divided by 11?
2
Suppose -7 = 5*z - 432. Let i = z - 31. Suppose -2*y + 14 = -i. Calculate the remainder when y is divided by 7.
6
Let a be 5 - 4 - (1 + -4 - -16). Let z(b) = b**3 - 2*b**2 + 3*b. Calculate the remainder when (2 + a)*(1 + -2 + -4) is divided by z(3).
14
Let z = -3430 + 4158. Calculate the remainder when z is divided by 125.
103
Suppose -3*a + 50 = l, 1632 - 1560 = 4*a + 2*l. Let b(k) = k**3 - 2*k**2 - 4*k + 6. What is the remainder when b(4) is divided by a?
8
Suppose -2*m = 5*j - 12406, -552*m = 4*j - 551*m - 9923. What is the remainder when j is divided by 131?
122
Let x = -3930 + 5598. What is the remainder when x is divided by 829?
10
Let y(t) = -22*t - 6. Let o = -312719 - -312736. Calculate the remainder when y(-4) is divided by o.
14
Let n = -176 - -23. Suppose -8 = -24*c + 23*c. Calculate the remainder when 8/(-64) - n/c is divided by 5.
4
Let z = -10300 + 10322. What is the remainder when 2133 is divided by z?
21
Suppose -x - 1 = 14. What is the remainder when 160 is divided by (-357)/x + 28/(-35)?
22
Suppose 22*j - 19*j = -16*j + 304. Calculate the remainder when 926 is divided by j.
14
Let k(d) = 3*d**3 - 130*d**2 + 44*d - 35. Suppose 10*i = 8*i + 190. What is the remainder when i is divided by k(43)?
7
Let x = 98 + -76. Suppose x*m - 25*m = -87. Let v(h) = h**3 + 17. Calculate the remainder when m is divided by v(0).
12
Let a(u) = 7*u - 65. Let y be a(9). What is the remainder when 357 is divided by -2*(y/12 + (-119)/6)?
37
Suppose 183 = d + 2*y - 274, -d + 4*y + 481 = 0. Let a = d - 307. Suppose 4*z + 128 = 8*z. What is the remainder when a is divided by z?
30
Suppose 12 = 5*l - 163. Let r(a) = 93*a + 15. Let b be r(-2). Let x = -158 - b. What is the remainder when l is divided by x?
9
Suppose -5*t + 22 = 2. Suppose 0 = t*o + o - 75. What is the remainder when o is divided by ((-50)/(-275))/(-2*(-4)/264)?
3
What is the remainder when 9*(672/45 + 34/85) is divided by -1*(0/3 - 10)?
8
Suppose -l = -5*l + 28. Suppose -2*x + l*x - 20 = 0. Let s(n) = -2*n**3 - 233*n**2 - 1331*n - 16. Calculate the remainder when s(-6) is divided by x.
2
Let s = 205263 + -205055. Suppose -109 = -4*j + r + 111, 3*r + 44 = j. Calculate the remainder when s is divided by j.
40
Let w(f) = 102*f - 2. Let a be ((-32)/64)/(2/4 - 1). Calculate the remainder when w(1) is divided by (1 - -67*a)/(1 + 1).
32
Suppose 4*b - 5*d + 583 = 0, 5*b = -5*d - 183 - 557. Let x = b - -153. What is the remainder when 18 is divided by x?
0
Let u(r) = 5*r**2 - 5*r + 2. Let j be u(3). Suppose 0 = z + 5*y - 60, 0 = -0*z + 5*z + y - 396. Calculate the remainder when 37 is divided by j/z - 36/(-10).
1
Let k = 578 - 566. Let y(r) = -r**3 + 15*r**2 - 37*r + 48. Calculate the remainder when 58 is divided by y(k).
22
Suppose -6276 = -13*z - 1882. Suppose 4*s + z = 6*s. Suppose -3*v + 18 + 84 = 0. Calculate the remainder when s is divided by v.
33
What is the remainder when 279 is divided by (-511)/219 + 1078/21?
34
Suppose -11*b + 5960 = 1503 - 6477. What is the remainder when b is divided by 27?
22
Let n = -54 - -108. Let d(g) = g**3 + 8*g**2 - 10*g + 10. Let f be (-5)/(-20) - (-222)/(-24). Calculate the remainder when n is divided by d(f).
16
Suppose -5*g = -o + 5402, 0 = -140*o + 135*o - 3*g + 27010. Calculate the remainder when o is divided by 47.
44
Let u(s) = -s**3 + 10*s**2 - 14*s - 18. What is the remainder when 128 is divided by u(3)?
2
Suppose v + f = 125, 5*v - 332 = -2*f + 254. Suppose -3*c = -30 - 30. What is the remainder when v is divided by c?
12
Let z(s) = 5*s + 86. What is the remainder when z(0) is divided by 4?
2
Let t(z) = -9*z - 27. Suppose -7*x + 0*x = 63. Let u be t(x). Let m = -33 + u. What is the remainder when m is divided by 11?
10
Suppose -25806 = -24*s - 10*s. Let x = s + -684. What is the remainder when 216 is divided by x?
66
Suppose 6*o - 40 = -2*o. Suppose 329 = 3*d - u, 337 = 3*d + 15*u - 20*u. Calculate the remainder when d is divided by o.
4
Let n = 1335 - 1274. What is the remainder when 3047 is divided by n?
58
Suppose -5*d + 56 = l, 8*d - 4*l + 59 = 13*d. Suppose x - 7*x + 102 = 0. Calculate the remainder when x is divided by d.
6
What is the remainder when (-589 + 19)*(-5 + 4) is divided by 13?
11
Suppose 50*z + 143 = 5*g + 49*z, g - 4*z - 2 = 0. Suppose -5*h + 5 + 10 = 0. Let o = 14 + h. What is the remainder when g is divided by o?
13
Let r(p) = 207*p - 1837. Calculate the remainder when r(9) is divided by 12.
2
Let o(z) = z**3 - 2*z**2 + 8*z + 1. Suppose 0 = d - 6*p + 2*p - 22, -20 = -5*d + 2*p. What is the remainder when 63 is divided by o(d)?
12
Suppose -2*p - 5*n - 990 = 0, 8*n + 2433 = -5*p + 6*n. Let h = 510 + p. What is the remainder when h is divided by 8?
1
Suppose -c + 211 - 23605 = -3*k, -3*k + 5*c + 23394 = 0. What is the remainder when k is divided by 83?
79
Let s(n) = -4*n**2 + 126*n + 545. What is the remainder when 2513 is divided by s(29)?
8
Let p be 34/10 + (-6)/(-10). Suppose p*a - 53 = -5. Suppose 4*f - 69 = 67. Calculate the remainder when f is divided by a.
10
Let j(t) = t - 3. Let z be j(5). Suppose c + 8 = z*c. Let o(n) = n**2 - 7*n - 3. Calculate the remainder when 19 is divided by o(c).
4
Suppose -14*n + 32*n = 774. Let b(j) be the first derivative of j**4/4 - j**3/3 + 15*j - 2. Calculate the remainder when n is divided by b(0).
13
Suppose 4*i + 230 = -4*x + 702, -116 = -i + x. What is the remainder when 45 is divided by -3 + i/45 - 62/(-5)?
9
Suppose -775 = -6*a + a. Calculate the remainder when a is divided by 48.
11
Let o = 690 - 436. Calculate the remainder when o is divided by 29.
22
Suppose 3*p = 10*i - 7*i + 105, -4*i - 60 = -2*p. What is the remainder when 1996 is divided by p?
36
Let h(k) = -3*k**3 - 3*k**2 + 6*k - 5. Let i(t) = t**3 - t + 1. Let u(n) = h(n) + 6*i(n). Calculate the remainder when (3/(-4))/((-1)/84) is divided by u(2).
11
Suppose 330 = -2*b - 356. Let a = b + 447. Calculate the remainder when a is divided by 30.
14
Suppose 2*s + 37 = 3*s + w, 4*s = -w + 139. Suppose -3*f + 12 = 0, 5*n + s - 195 = -4*f. Suppose -k + 36 = -n. Calculate the remainder when k is divided by 22.
21
Let h = 98 + 5. Suppose 3*m - 76 = c, -3*c + h - 19 = 4*m. Suppose 0 = -m*s + 27*s - 66. Calculate the remainder when 40 is divided by s.
18
Let u(t) = -19*t**3 + 12*t**2 + 100*t - 12. What is the remainder when u(-5) is divided by 5?
3
Suppose 61257 - 61547 = -29*i. Let b = -26 + 53. Calculate the remainder when b is divided by i.
7
Suppose -5*n - 4*y = -2123, -7*y - 465 = -2*n + 453. Calculate the remainder when 1733 is divided by n.
9
Let a(n) = -n**3 + 9*n**2 - 12*n + 2. Suppose 0 = m - 2*g + 4, m = -2*m + 4*g - 12. Calculate the remainder when a(6) is divided by (m - -5)/((-3)/(-30)).
8
Suppose 5*a - 13 = 7. Suppose 0 = 5*r + a*r - 837. Suppose 2*q = -2*l + 32, 0 = 5*q - 3*l - 159 + 55. Calculate the remainder when r is divided by q.
17
Let q = 169 + -71. Let m(t) = 14*t + 4. Let v be m(39). Suppose -z = -23*z + v. What is the remainder when q is divided by z?
23
Let d = 52 + -27. Let x(t) = -13 - t**2 + 2*t**2 - 3*t**2 - 6*t - 7*t**3. Calculate the remainder w